 + 4*g + 3. Give i(-2).
43
Let s(c) = 2*c**3 - 6. Determine s(2).
10
Let z(m) = 2*m + 11. What is z(-8)?
-5
Let d(c) = -c**3 + c + 44. Determine d(0).
44
Let n(x) = 29*x - 12. What is n(3)?
75
Let u(f) = -7*f - 38. Calculate u(0).
-38
Let f(p) = 8*p**2 + 24*p + 8. What is f(-3)?
8
Let n(m) = -2*m**2 + 23*m + 159. Determine n(17).
-28
Let k(y) = -2*y**2 + 9*y + 5. Determine k(5).
0
Let j(s) = s**2 + 28*s + 158. What is j(-8)?
-2
Let o(s) = -9*s + 4. Determine o(2).
-14
Let b(n) = 5*n**3 + 26*n**2 + 5*n + 3. Calculate b(-5).
3
Let z(f) = -f**2 - 45*f + 303. Calculate z(-51).
-3
Let i(u) = u**3 + 10*u**2 + 20*u + 11. Give i(-8).
-21
Let g(p) = p**2 + 15*p - 3. Calculate g(0).
-3
Let c(u) = -u**3 - 5*u**2 + 5*u - 2. Determine c(3).
-59
Let q(u) = -u**2 - 3*u + 8. Give q(-5).
-2
Let f(i) = -i**2 - 11*i - 15. Give f(-12).
-27
Let t(w) = -w**3 - 4*w**2 - 3*w - 5. Give t(-4).
7
Let w(i) = -2*i**2 - 14. Determine w(-8).
-142
Let v(p) = -p**3 - p**2 + 39*p + 47. Give v(-6).
-7
Let y(d) = d**2 - 25*d - 58. Calculate y(23).
-104
Let f(y) = y + 6. Give f(-16).
-10
Let w(k) = k**3 - 8*k**2 + 11*k + 17. What is w(6)?
11
Let v(w) = 19*w - 3. Calculate v(3).
54
Let s(v) = -v**3 - 14*v**2 + 20*v + 40. What is s(-15)?
-35
Let n(j) = -28*j + 787. Give n(28).
3
Let x(m) = -m**3 + 2*m**2 + 14*m - 5. Determine x(5).
-10
Let w(p) = p**3 - 7*p**2 - 7*p + 5. What is w(9)?
104
Let h(c) = c**2 - 6*c - 1. Determine h(5).
-6
Let y(u) = u**3 - 17*u**2 - 20*u + 39. Calculate y(18).
3
Let k(v) = 8*v - 8. What is k(2)?
8
Let z(i) = -i**3 + 32*i**2 + i - 66. Give z(32).
-34
Let h(z) = z**2 - 15. What is h(0)?
-15
Let y(u) = u**3 - 11*u**2 + 14*u + 42. Calculate y(9).
6
Let v(a) = -a**3 - 7*a**2 - 13*a - 8. What is v(-4)?
-4
Let w(i) = -i**3 + 27*i**2 - 26*i + 5. Give w(26).
5
Let o(x) = 2*x**3 + x**2 - x. What is o(-2)?
-10
Let w(q) = q**3 - q**2 - 9*q + 1. Determine w(4).
13
Let y(u) = -u**2 + 6*u + 27. Give y(9).
0
Let x(g) = -2*g**3 - 30*g**2 - 7. Determine x(-15).
-7
Let c(x) = -x**2 + 6*x + 12. Determine c(9).
-15
Let c(i) = i**3 + 15*i**2 - i - 22. Calculate c(-15).
-7
Let x(s) = -3*s**3 - 2*s**2 - 9*s - 37. Give x(-3).
53
Let w(h) = -2*h - 7. Give w(-3).
-1
Let p(j) = 104*j - 103. Calculate p(1).
1
Let g(l) = 4*l**2 - 18*l + 4. Give g(5).
14
Let w(f) = f**3 + 18*f**2 - 35*f - 303. Calculate w(-19).
1
Let p(g) = g**2 + 9*g - 68. Determine p(4).
-16
Let p(h) = -2*h**2 + 13*h - 4. Calculate p(5).
11
Let i(x) = -11*x**2 - 1. Give i(-2).
-45
Let g(f) = f + 16. What is g(-23)?
-7
Let r(o) = 6*o**2 - 3*o - 3. Give r(3).
42
Let z(p) = -6*p + 15. Calculate z(2).
3
Let f(j) = -j**3 - 2*j**2 + j + 2. Give f(-2).
0
Let k(u) = -39*u**2 - 1. What is k(1)?
-40
Let s(w) = 2*w**3 - 27*w**2 + 22*w - 112. Give s(13).
5
Let g(o) = 4*o**2 + 8. Calculate g(0).
8
Let w(v) = -4*v + 12. Calculate w(12).
-36
Let q(s) = 3*s - 15. Calculate q(6).
3
Let w(v) = 3*v**2 + 3*v - 5. What is w(3)?
31
Let l(o) = 6*o**3 + o**2 + 2*o. Calculate l(-1).
-7
Let z(x) = 7*x + 1. Determine z(0).
1
Let z(f) = -17*f - 27. Determine z(-3).
24
Let g(y) = -y**3 + 4*y**2 + 9. What is g(4)?
9
Let q(l) = -l**2 + 10*l + 7. Determine q(11).
-4
Let u(l) = l**3 - 14*l**2 - 18. Calculate u(14).
-18
Let s(b) = -24*b**3 - b**2 - b. What is s(1)?
-26
Let v(j) = 10*j - 6. Calculate v(3).
24
Let o(n) = n**3 + 28*n**2 + 26*n - 44. Calculate o(-27).
-17
Let f(m) = -m**3 - m**2 - 3*m - 2. What is f(3)?
-47
Let p(r) = r**2 + 6*r - 3. Give p(-7).
4
Let t(i) = -3*i - 23. Give t(-9).
4
Let f(w) = 5*w + 78. What is f(0)?
78
Let f(j) = j**2 + 10*j + 26. Give f(-8).
10
Let l(v) = v**2 + 9*v - 36. Calculate l(3).
0
Let c(f) = -f**3 + 4*f**2 + 2*f + 3. What is c(0)?
3
Let h(r) = -16*r - 97. Give h(-6).
-1
Let n(g) = -5*g**2 - g - 1. Calculate n(-1).
-5
Let k(p) = 6*p**2 - 7*p + 4. Determine k(-3).
79
Let o(m) = -7*m - 108. What is o(-14)?
-10
Let t(z) = 2*z**2 - 7*z - 1. Calculate t(5).
14
Let h(g) = 34*g - 151. Determine h(4).
-15
Let y(p) = -p**2 - 31*p + 68. Calculate y(-33).
2
Let z(u) = u**3 + 9*u**2 - 2*u + 4. What is z(-9)?
22
Let t(v) = v**3 + 5*v**2 + 3*v - 7. Give t(-4).
-3
Let z(i) = 2*i**2 + 5*i - 3. What is z(3)?
30
Let k(l) = -l**3 + 4*l**2 + 5*l + 9. Give k(5).
9
Let z(w) = w**3 - 2*w**2 + 12*w - 6. Give z(5).
129
Let v(t) = 2*t - 9. Calculate v(13).
17
Let h(f) = -f**3 + 3*f**2 + 40*f - 135. What is h(6)?
-3
Let m(r) = r**3 + 2*r**2 - 3*r - 6. Calculate m(-2).
0
Let f(j) = -2*j**2 + 2*j - 4. Calculate f(-3).
-28
Let j(g) = g + 2. Determine j(7).
9
Let z(l) = l**3 - 5*l**2 + 6*l - 3. Give z(4).
5
Let w(x) = -4*x**2 + 15*x + 7. Determine w(4).
3
Let c(q) = q**3 - 7*q**2 + 9*q - 4. Give c(6).
14
Let m(o) = 2*o**3 + 13*o**2 - 6*o + 4. Give m(-7).
-3
Let y(c) = 8*c - 89. Determine y(10).
-9
Let c(g) = 2*g + 19. Determine c(-9).
1
Let p(q) = 5*q - 1. Calculate p(-1).
-6
Let v(h) = -3*h**2 - 6*h + 7. What is v(3)?
-38
Let v(q) = 8*q + 61. Give v(-10).
-19
Let j(x) = -29*x**2 + 267*x - 9. Determine j(9).
45
Let j(i) = i - 44. Calculate j(0).
-44
Let j(s) = 20*s + 768. What is j(-38)?
8
Let g(c) = c**3 + 18*c**2 + 19*c + 36. What is g(-17)?
2
Let j(p) = p**3 + 13*p**2 - 32*p - 28. What is j(-15)?
2
Let f(q) = q**2 + 12*q + 1. Determine f(-9).
-26
Let o(z) = -2*z**3 - 7*z**2 - 5*z + 1. Give o(-4).
37
Let y(w) = 7*w - 3. What is y(2)?
11
Let h(p) = -3*p**2 + 30*p + 14. Calculate h(12).
-58
Let p(u) = -2*u. Give p(-2).
4
Let m(b) = -6*b + 36. Calculate m(8).
-12
Let t(j) = -3*j - 7. Calculate t(10).
-37
Let w(u) = -18*u**2 - 3*u + 2. Calculate w(-1).
-13
Let x(w) = -w**2 - 5*w + 16. Give x(-13).
-88
Let l(y) = -4*y - 9. What is l(-2)?
-1
Let i(p) = -p + 7. What is i(15)?
-8
Let x(z) = -z**2 + 3*z - 1. Give x(2).
1
Let a(b) = b**3 - 9*b**2 + 16*b - 19. Determine a(7).
-5
Let j(y) = -y**2 - 7*y + 13. Calculate j(-7).
13
Let z(x) = -x**2 + 16*x + 5. What is z(16)?
5
Let b(v) = -v**2 - 2*v - 64. Give b(0).
-64
Let y(j) = 2*j**3 - 13*j**2 + 5*j - 91. Calculate y(7).
-7
Let w(s) = -s**2 + 3*s + 7. Give w(5).
-3
Let o(x) = 25*x**2 + 3*x + 2. Give o(-1).
24
Let r(a) = -a**3 - 5*a**2 - 8*a - 1. Determine r(-4).
15
Let v(p) = -p**3 + 12*p**2 + 12*p + 12. Determine v(13).
-1
Let t(m) = -4*m - 8. What is t(2)?
-16
Let i(t) = 20*t - 202. Determine i(10).
-2
Let c(x) = -x**3 - 10*x**2 - 9*x - 1. Give c(-9).
-1
Let p(k) = k**3 - 11*k**2 + 20*k - 31. What is p(9)?
-13
Let i(l) = l**3 - 2*l**2 - 4*l. Give i(3).
-3
Let y(l) = l**3 - 7*l**2 - 14*l + 11. Determine y(9).
47
Let o(b) = -10*b**2 + 2*b - 1. Calculate o(1).
-9
Let l(o) = -5*o + 6. Determine l(5).
-19
Let q(l) = l**3 + 3*l**2 - 7*l + 7. Give q(-4).
19
Let z(o) = 4*o - 30. Give z(6).
-6
Let f(z) = -z**2 - 21*z - 7. Calculate f(-24).
-79
Let o(r) = -r**3 + 12*r**2 - 14*r - 16. What is o(11)?
-49
Let c(v) = v**3 - 8*v**2 - 5. Determine c(8).
-5
Let d(l) = 2*l**2 - 3*l. What is d(3)?
9
Let l(v) = 3*v - 1. Give l(-4).
-13
Let a(r) = -13*r**2 + 1. Calculate a(1).
-12
Let t(g) = -g**2 - 44*g + 414. Calculate t(8).
-2
Let k(w) = w**2 - 6*w + 7. Calculate k(7).
14
Let h(j) = -j**3 + 3*j**2 + 6*j - 15. Give h(6).
-87
Let p(d) = d**2 + 4*d + 3. What is p(-3)?
0
Let b(o) = -o**3 - 14*o**2 - 2*o + 28. What is b(-14)?
56
Let o(r) = 4*r - 1. Determine o(0).
-1
Let f(j) = 6*j**2 - 12*j + 3. What is f(5)?
93
Let r(q) = -3*q - 5. Give r(-3).
4
Let s(v) = -v**3 + 13*v**2 - 14*v - 5. Calculate s(11).
83
Let x(j) = -14*j**2 - j - 1. Determine x(-1).
-14
Let b(w) = -12*w - 6. Give b(4).
-54
Let z(j) = -j**3 + j**2 + j - 69. Give z(0).
-69
Let v(w) = -17*w + 3. Give v(1).
-14
Let r(l) = 8*l - 21. Calculate r(-1).
-29
Let h(y) = y**2 - 27*y + 165. Give h(19).
13
Let j(b) = -b**3 + b**2 + 3*b - 136. Determine j(0).
-136
Let o(b) = -b**3 - 34*b**2 + 37*b + 76. Determine o(-35).
6
Let o(f) = 53*f**2 + 2*f - 2. Give o(1).
53
Let k(i) = 23*i + 126. Calculate k(-5).
11
Let v(z) = -z**2 + 5*z + 24. Calculate v(8).
0
Let x(v) = -2*v**2 - 2*v + 7. Determine x(-5).
-33
Let u(j) = j**2 - 6*j - 15. Calculate u(-2).
1
Let c(g) = g**3 + 18*g**2 + 15*g - 38. Give c(-17).
-4
Let g(h) = h**2 - 18*h + 17. Give g(18).
17
Let x(r) = 5*r - 255. Determine x(50).
-5
Let a(c) = 6*c + 2. Determine a(6).
38
Let m(b) = 6*b**3 + b**2 - b + 1. Determine m(1).
7
Let t(n) = 3*n + 60. Give t(-12).
24
Let j(v) = -v**3 - 12*v**2 - 2*v - 15. What is j